the units digit of 417949?
9
What is the tens digit of 478140?
4
What is the units digit of 1179632?
2
What is the tens digit of 4035941?
4
What is the tens digit of 5800404?
0
What is the tens digit of 4244408?
0
What is the ten millions digit of 16174607?
1
What is the hundred thousands digit of 8608819?
6
What is the units digit of 383694?
4
What is the thousands digit of 4285518?
5
What is the units digit of 12603174?
4
What is the tens digit of 21494?
9
What is the tens digit of 2446270?
7
What is the ten millions digit of 29983619?
2
What is the ten thousands digit of 284208?
8
What is the hundred thousands digit of 333483?
3
What is the tens digit of 709927?
2
What is the hundreds digit of 5827970?
9
What is the tens digit of 195947?
4
What is the ten thousands digit of 475481?
7
What is the units digit of 351296?
6
What is the hundreds digit of 234838?
8
What is the tens digit of 346461?
6
What is the thousands digit of 89258?
9
What is the units digit of 69638?
8
What is the ten thousands digit of 1349284?
4
What is the thousands digit of 941540?
1
What is the ten thousands digit of 575568?
7
What is the hundred thousands digit of 205138?
2
What is the millions digit of 1878930?
1
What is the hundred thousands digit of 508333?
5
What is the hundreds digit of 145931?
9
What is the ten thousands digit of 188772?
8
What is the hundreds digit of 127956?
9
What is the thousands digit of 408049?
8
What is the hundreds digit of 488473?
4
What is the ten thousands digit of 17701577?
0
What is the thousands digit of 138663?
8
What is the hundred thousands digit of 13449076?
4
What is the hundreds digit of 2795233?
2
What is the units digit of 176591?
1
What is the thousands digit of 34878953?
8
What is the thousands digit of 270869?
0
What is the ten thousands digit of 1136136?
3
What is the units digit of 2898342?
2
What is the hundred thousands digit of 3630182?
6
What is the tens digit of 2537709?
0
What is the hundred thousands digit of 375883?
3
What is the tens digit of 139217?
1
What is the ten thousands digit of 321083?
2
What is the ten thousands digit of 105188?
0
What is the ten thousands digit of 94709?
9
What is the thousands digit of 11124740?
4
What is the hundreds digit of 113007?
0
What is the hundred thousands digit of 596630?
5
What is the units digit of 2543285?
5
What is the tens digit of 2638577?
7
What is the tens digit of 1611904?
0
What is the hundreds digit of 870787?
7
What is the ten thousands digit of 4548442?
4
What is the ten thousands digit of 881328?
8
What is the ten thousands digit of 316465?
1
What is the hundreds digit of 93730?
7
What is the millions digit of 9403854?
9
What is the thousands digit of 2745580?
5
What is the units digit of 537168?
8
What is the hundreds digit of 91483?
4
What is the hundred thousands digit of 629014?
6
What is the thousands digit of 8992072?
2
What is the hundred thousands digit of 429160?
4
What is the units digit of 55940?
0
What is the ten thousands digit of 16160525?
6
What is the units digit of 11308846?
6
What is the ten thousands digit of 68101?
6
What is the thousands digit of 305821?
5
What is the hundred thousands digit of 24377624?
3
What is the ten thousands digit of 28429?
2
What is the units digit of 95463?
3
What is the hundreds digit of 4336778?
7
What is the units digit of 21039023?
3
What is the hundreds digit of 12519461?
4
What is the hundred thousands digit of 5020832?
0
What is the millions digit of 4811745?
4
What is the tens digit of 18775201?
0
What is the ten thousands digit of 39544?
3
What is the millions digit of 4226448?
4
What is the tens digit of 582736?
3
What is the hundreds digit of 669280?
2
What is the ten thousands digit of 34458?
3
What is the ten thousands digit of 266794?
6
What is the ten thousands digit of 1879617?
7
What is the hundreds digit of 2033511?
5
What is the hundred thousands digit of 706692?
7
What is the hundreds digit of 913867?
8
What is the units digit of 3363705?
5
What is the units digit of 5334302?
2
What is the units digit of 15925950?
0
What is the tens digit of 73651?
5
What is the thousands digit of 18280416?
0
What is the ten thousands digit of 1377375?
7
What is the thousands digit of 185442?
5
What is the thousands digit of 9930633?
0
What is the thousands digit of 1382254?
2
What is the ten thousands digit of 1808313?
0
What is the tens digit of 465514?
1
What is the hundred thousands digit of 195696?
1
What is the hundred thousands digit of 16319932?
3
What is the hundred thousands digit of 36076948?
0
What is the ten thousands digit of 3553047?
5
What is the hundreds digit of 1327587?
5
What is the hundreds digit of 346993?
9
What is the tens digit of 641112?
1
What is the units digit of 17332?
2
What is the units digit of 1736091?
1
What is the units digit of 630736?
6
What is the thousands digit of 215600?
5
What is the millions digit of 2506566?
2
What is the ten thousands digit of 602662?
0
What is the ten thousands digit of 201930?
0
What is the tens digit of 1539657?
5
What is the hundreds digit of 291782?
7
What is the hundreds digit of 1489358?
3
What is the units digit of 6193263?
3
What is the thousands digit of 5363070?
3
What is the hundreds digit of 5576019?
0
What is the hundreds digit of 459446?
4
What is the thousands digit of 80944?
0
What is the tens digit of 4318610?
1
What is the ten thousands digit of 347335?
4
What is the millions digit of 2720869?
2
What is the hundred thousands digit of 3772965?
7
What is the ten thousands digit of 164041?
6
What is the hundreds digit of 2237969?
9
What is the hundreds digit of 916831?
8
What is the ten thousands digit of 459300?
5
What is the ten thousands digit of 497035?
9
What is the tens digit of 194069?
6
What is the thousands digit of 1520378?
0
What is the hundred thousands digit of 574364?
5
What is the tens digit of 926326?
2
What is the thousands digit of 7457660?
7
What is the thousands digit of 9997?
9
What is the thousands digit of 196886?
6
What is the ten thousands digit of 866551?
6
What is the hundred thousands digit of 427613?
4
What is the millions digit of 5543130?
5
What is the hundred thousands digit of 188565?
1
What is the thousands digit of 1104790?
4
What is the millions digit of 12955591?
2
What is the tens digit of 4748185?
8
What is the thousands digit of 776517?
6
What is the tens digit of 157003?
0
What is the units digit of 8103409?
9
What is the tens digit of 780322?
2
What is the units digit of 1440197?
7
What is the hundreds digit of 7172739?
7
What is the tens digit of 2882866?
6
What is the hundreds digit of 139691?
6
What is the hundreds digit of 6057?
0
What is the ten thousands digit of 1139212?
3
What is the tens digit of 2926109?
0
What is the hundreds digit of 1194580?
5
What is the thousands digit of 19418743?
8
What is the hundreds digit of 622418?
4
What is the millions digit of 2145126?
2
What is the thousands digit of 574485?
4
What is the units digit of 908904?
4
What is the thousands digit of 11681735?
1
What is the ten thousands digit of 567592?
6
What is the tens digit of 727007?
0
What is the ten millions digit of 16138231?
1
What is the hundred thousands digit of 1324306?
3
What is the hundreds digit of 9138807?
8
What is the tens digit of 388886?
8
What is the hundreds digit of 336886?
8
What is the millions digit of 20698550?
0
What is the units digit of 220866?
6
What is the units digit of 252132?
2
What is the hundreds digit of 8807356?
3
What is the units digit of 6083512?
2
What is the tens digit of 1653579?
7
What is the hundred thousands digit of 309314?
3
What is the millions digit of 2538668?
2
What is the thousands digit of 4125073?
5
What is the ten thousands digit of 833823?
3
What is the ten thousands digit of 3830728?
3
What is the ten thousands digit of 681862?
8
What is the thousands digit of 44619?
4
What is the hundreds digit of 1856993?
9
What is the ten thousands digit of 35205728?
0
What is the hundred thousands digit of 678187?
6
What is the hundred thousands digit of 227164?
2
What is the tens digit of 21516902?
0
What is the hundreds digit of 2375601?
6
What is the hundreds digit of 11152?
1
What is the thousands digit of 26778349?
8
What is the ten thousands digi